s digit of d(8)?
8
Let m(w) = w - 4. Let y be m(8). Let n be y/(-6) - 60/18. Let r(l) = -l**2 - 4*l + 2. What is the units digit of r(n)?
2
Suppose -5*r + 2300 = 5*g, 2*r + 4*g - 639 = 273. What is the tens digit of r?
6
Let i = -2261 + 4061. What is the hundreds digit of i?
8
Let n = -16 - -3. Let m = 23 + n. Suppose 0 = 5*g + s - 152 + m, 0 = s - 2. What is the tens digit of g?
2
What is the tens digit of (-5 - -1)*(-5122)/104?
9
Let l = 25 + -71. Let i = l + 279. What is the tens digit of i?
3
Let z = 122 - 72. Suppose z + 25 = 3*b. Let x = -3 + b. What is the units digit of x?
2
Let s(c) = c**3 + 2*c**2 + c - 4. Suppose 0 = -4*r - 5*q + 37, -3*r = r + 4*q - 32. What is the units digit of s(r)?
4
Suppose 4*t + 2*b - b - 1189 = 0, 5*t - 4*b = 1460. What is the tens digit of t?
9
Suppose -1 = p - 8. Let t be 2/(-6) + p/3. Suppose -t*f = -7*f + 170. What is the units digit of f?
4
Let a be 2*3/6 + 7. Suppose 0*f - 5*f + 3*o + a = 0, 3*o = 4*f - 4. Suppose 5*r + 6 = f*v, -2*r = -v - 0*v. What is the units digit of r?
2
Suppose 0 = 4*o - 12, -3*j - 2*o = o - 30. Let w(f) = -f**2 + 9*f - 9. Let v be w(j). Suppose 7 - 32 = -v*z. What is the units digit of z?
5
Let u be ((35/(-14))/(-5))/((-2)/(-8)). Suppose -4*y = -5*o + 630, -2*y = u*o + 2*y - 280. What is the tens digit of o?
3
Suppose 5*l - 58 - 482 = 0. Let d = l - 55. What is the tens digit of d?
5
Suppose -4*f = a - 478, 2*a + 2*f - 208 - 724 = 0. Suppose -36*l - a = -39*l. What is the units digit of l?
4
Let y be (0 - -2)*(-328)/(-16). Let c = y + -15. What is the units digit of c?
6
Suppose -11*y + 14046 = -10495. What is the tens digit of y?
3
Suppose 4*v = 5*a - 1390, 5*a - a - 3*v = 1113. What is the units digit of a?
2
Let c(l) = 3*l**2 + 5*l + 6. What is the tens digit of c(5)?
0
Let o be ((-36)/9)/(2/(-12)). Let u be (-2 + 9)*o/14. Suppose 0 = -3*y + y + u. What is the units digit of y?
6
Suppose 94*w + 49504 = 122*w. What is the tens digit of w?
6
Let w(k) = 3*k**2 + k + 8. Let s be w(-6). What is the units digit of (s/(-3))/(42/(-63))?
5
Suppose 0 = 14*c - 9*c + 3*w - 148, 4*w = 3*c - 112. Let h = 169 - 104. Let u = h - c. What is the units digit of u?
3
Let o(d) = -95*d**3 - 3*d**2 - 4*d - 2. Let v = -40 - -39. What is the tens digit of o(v)?
9
Suppose -7*x = 303 - 100. Suppose -2*i = -92 - 24. Let m = i + x. What is the units digit of m?
9
Let o = 14 - 19. Let s be o/(-5)*(1 - -1). Suppose -s*l = -10 - 8. What is the units digit of l?
9
Let b = -556 + 1460. What is the hundreds digit of b?
9
Let r = 4 - 12. Let q(b) = -b**2 - 8*b - 2. Let d be q(r). Let o(f) = -12*f. What is the tens digit of o(d)?
2
Let j(h) be the first derivative of 28*h**3/3 - h**2/2 - 5*h - 4. What is the units digit of j(-2)?
9
Suppose -4*d = -29 - 171. What is the units digit of d?
0
Suppose 0 = -7*f + 5468 - 267. What is the tens digit of f?
4
Suppose 3*l - 10026 = -2*k, -2*l - 424 - 4575 = -k. What is the hundreds digit of k?
0
Suppose 13*u = 41*u - 47460. What is the thousands digit of u?
1
Suppose -4*n = -2*p + 2, 2*n - 23 - 1 = -4*p. Suppose -12 = -n*x + 4. What is the units digit of x?
8
Let i(j) = 1691*j**3 - 6*j**2 + 8*j - 2. What is the units digit of i(1)?
1
Let r(n) be the second derivative of 3*n**4/4 + 2*n**3/3 - n**2 - 6*n. Let y be r(3). Suppose -5*z + 39 = -y. What is the tens digit of z?
2
Suppose 3*n - 9*v = -8*v + 8392, -8 = -4*v. What is the units digit of n?
8
Suppose -4*c = -8 - 16. Let m be (-42)/9*c/(-7). Suppose 0 = -3*x + m*x - 36. What is the tens digit of x?
3
Let z(p) = 6*p - 4. Let s be z(1). Let m be 81/s - 5/(-10). Let f = m - 15. What is the units digit of f?
6
What is the tens digit of ((-48)/40)/((-1)/250)?
0
What is the units digit of ((-250)/6 + 4)*-6?
6
Suppose 0 = c + 1, 5*q - 6*c + 67 = -3*c. Let u = 48 + q. What is the units digit of u?
4
What is the units digit of 97308/22 + 132/(-121)?
2
Let o(g) = -g**3 + 5*g**2 + 8*g + 12. Let y be o(8). Let b = -54 - y. What is the tens digit of b?
6
Let h = 1521 + -1034. What is the hundreds digit of h?
4
Let c(n) = 35*n + 2. Suppose -3*j + 12 + 3 = 0. What is the units digit of c(j)?
7
Let u be (35 - -4)/(-4 + 3). Let n = 64 + u. Suppose 0*b = -b + n. What is the units digit of b?
5
Let j(p) = 5*p - 16. Let g be j(-14). Let m = 277 + g. What is the units digit of m?
1
Suppose -4*u - 2*q + 0*q = 0, -q = -4*u + 12. Let t be 0/(-1*2/u). Suppose -4*l - 3*n = -n - 166, t = -5*n - 5. What is the tens digit of l?
4
Suppose 3*u - 303 - 384 = 0. What is the units digit of u?
9
Let u be (-2)/(-7) - (-80)/(-35). Let z be (-42)/(-14)*u/(-3). What is the tens digit of ((-12)/(-18))/(z/186)?
6
Suppose -16 = -5*o - 3*v + 17, -2*o = -5*v - 38. Let r be 9/((-4)/(96/o)). What is the units digit of (-110)/(-8) - 6/r?
4
Let n(x) = x**2 - 6*x - 36. What is the units digit of n(11)?
9
Let y(u) = -60*u + 40. What is the units digit of y(-9)?
0
Suppose -2*z - 8 = -2*o, 0*z = 4*z. Suppose -3*r = -o*r + 8. What is the tens digit of (-12)/r*(-560)/15?
5
What is the tens digit of (-2)/(-2) - 7776/(-54)?
4
Suppose -2*a = -2 - 4. Suppose a*h - 117 = -y, -5*h + 126 = -2*h + 4*y. What is the tens digit of h?
3
Suppose 1465*y = 1474*y - 18. Suppose -4*a + 33 - 3 = 2*f, -4*f + 30 = 2*a. Suppose 125 = 5*j + 2*h, -f*j - y*h = -3*j - 50. What is the tens digit of j?
2
Let s(p) = 21*p - 17. Let f be s(6). Suppose f = d + 2*b, 7*d - 530 = 2*d + 5*b. What is the tens digit of d?
0
Suppose 8 = -r + 50. Let o = 20 - -50. Let g = o - r. What is the tens digit of g?
2
Let k = -81 + 471. Suppose -19*d - k = -24*d. What is the units digit of d?
8
Let s = 9454 - 3069. What is the units digit of s?
5
Let t(v) = -v**3 - 7*v**2 - 7*v - 1. Let s be t(-4). What is the units digit of ((-13)/(-3))/((-7)/s)?
3
Let y(s) = -s**3 - 18*s**2 - 6*s - 9. What is the tens digit of y(-18)?
9
Suppose 32 = f + 5*t + 11, 4*f - 3*t - 153 = 0. Suppose -f*p + 40*p = 208. What is the tens digit of p?
5
Suppose a + 5*i - 611 = 77, 4*a = 5*i + 2652. What is the tens digit of a?
6
Suppose 0*l - l = -105. Let f = l + -50. What is the units digit of f?
5
Let w(j) = 18*j**2 + 2. Let k be w(-3). Suppose 4*h + k = 8*h. What is the tens digit of h?
4
Let d = -13 - -1. Let o = d + 16. Suppose 4*l - 6 = -0*q - q, 2*l + q - o = 0. What is the units digit of l?
1
Suppose -4*m + 4 = 0, 32 = -3*w - m + 3*m. Let j be ((-136)/w)/(5/(-25)). What is the tens digit of -4*(j/16 + -1)?
2
Let o(f) = -f + 7. Let g = 1 + 2. Let t be o(g). Suppose -28 + 2 = -x - v, 3*v = -t*x + 99. What is the units digit of x?
1
Let d be (0 + -6)/2*-1. Suppose 316 = 3*f + 5*i, 504 = d*f + 2*f - 3*i. Let r = f - 67. What is the tens digit of r?
3
Let k(a) = 4 + 4 - a**3 - 2 - 3 - 5*a - 3*a**2. What is the tens digit of k(-6)?
4
Let o = -25 + 34. Let k(x) = -x**3 - 7*x**2 - 7*x + 1. Let n be k(-6). Suppose -6*d - o = -n*d. What is the units digit of d?
9
Suppose -5*o + 103 = -3*a, 2*o - a - 58 = -4*a. Suppose 29 = i + o. What is the units digit of i?
6
Suppose 10*a - 4746 - 1834 = 0. What is the units digit of a?
8
Suppose -a - 2 = 2, 3*o + 20 = -2*a. Let y = 7 + o. Suppose 2*h - y = -1, 238 = 5*s + 3*h. What is the tens digit of s?
4
Let w = 255 + -35. Suppose -x = -6*x - w. Let m = -26 - x. What is the tens digit of m?
1
Suppose -3*k = -8*k. Suppose 348 = 3*f - 5*p, k = 6*f - 3*f - 4*p - 345. What is the hundreds digit of f?
1
Suppose 1844 = 12*w - 2896. What is the tens digit of w?
9
Let r = 2 + 3. Suppose -3*f = -r*u + 360, 10*u - 2*f - 355 = 5*u. What is the units digit of u?
9
Suppose 58 = -2*t + 2*a, 0 = -2*t + 6*a - 3*a - 57. Let j = -12 - t. Suppose 2*c = -0*c + j. What is the units digit of c?
9
Suppose -8 = 2*n - 932. Suppose -9*g + n + 267 = 0. What is the units digit of g?
1
Suppose z = 19 - 19. Suppose -4*t + 4 = z, -u + 4*u = -2*t + 347. What is the units digit of u?
5
Suppose -m = 15 - 19. Suppose 2*d = -2*d - 20, -m*u - 2*d + 290 = 0. What is the units digit of u?
5
Let w(p) = -2*p**3 - 3*p + 0*p**3 - 11 + 2*p**3 - 13*p**2 - p**3. Let j(g) = g**3 + g**2 - g - 13. Let b be j(0). What is the tens digit of w(b)?
2
Suppose 2*k + 12 = -4*k. What is the tens digit of ((-1)/k)/(23/736)?
1
Suppose -c + 8759 = 2*t + 2*t, 0 = 6*c + 6. What is the thousands digit of t?
2
Let a = 61 - 18. Let h = 112 - a. What is the tens digit 